{"id":529,"date":"2023-04-10T11:11:06","date_gmt":"2023-04-10T11:11:06","guid":{"rendered":"https:\/\/wp.warp-factory.de\/?page_id=529"},"modified":"2023-05-09T15:25:18","modified_gmt":"2023-05-09T15:25:18","slug":"impressum","status":"publish","type":"page","link":"https:\/\/www.smp-frankfurt.de\/index.php\/impressum\/","title":{"rendered":"Impressum"},"content":{"rendered":"\n<div class=\"wp-block-cover alignfull is-light\" style=\"min-height:520px;aspect-ratio:unset;\"><span aria-hidden=\"true\" class=\"wp-block-cover__background has-background-dim-100 has-background-dim\" style=\"background-color:#eef0ed\"><\/span><div class=\"wp-block-cover__inner-container is-layout-flow wp-block-cover-is-layout-flow\">\n<div class=\"wp-block-group is-layout-constrained wp-container-core-group-is-layout-4383d167 wp-block-group-is-layout-constrained\">\n<div class=\"wp-block-group is-layout-constrained wp-container-core-group-is-layout-4383d167 wp-block-group-is-layout-constrained\"><\/div>\n\n\n\n<h1 class=\"wp-block-heading\">Impressum<\/h1>\n\n\n\n<p><strong>Angaben zur Gesellschaft und nach \u00a7 5 TMG und \u00a7 2 DL-InfoV<\/strong><\/p>\n\n\n\n<p>SMP Schinogl M\u00fcller &amp; Partner<br>Gesellschaft b\u00fcrgerlichen Rechts<br>Wirtschaftspr\u00fcfer Rechtsanw\u00e4lte Steuerberater<br>Certified Public Accountant<\/p>\n\n\n\n<p><strong>Sitz:<\/strong> Frankfurt am Main<\/p>\n\n\n\n<p><strong>Partner:<\/strong><\/p>\n\n\n\n<p>RA StB Thomas M\u00fcller<br>WP CPA Dr. Thomas Schinogl<br>RA Oliver P\u00f6schko<\/p>\n\n\n\n<p>RA Heiko Hahn<\/p>\n\n\n\n<p><strong>Anschrift:<\/strong><\/p>\n\n\n\n<p>Hamburger Allee 2-4 \/ Westendgate<br>60486 Frankfurt am Main<\/p>\n\n\n\n<p>Telefon: 069-27118-0<br>Telefax: 069-27118-151<\/p>\n\n\n\n<p>E-Mail-Adresse: <a href=\"javascript:linkTo_UnCryptMailto('jxfiql7jxfiXpjm:coxkhcroq+ab');\">mail@smp-frankfurt.de<\/a><\/p>\n\n\n\n<p><strong>Umsatzsteueridentifikationsnummer:<\/strong> DE189640773<\/p>\n\n\n\n<p>Die Berufshaftpflichtversicherung mit Geltungsbereich f\u00fcr die Bundesrepublik Deutschland besteht bei der HDI Versicherungs AG, HDI-Platz 1, 30633 Hannover.<\/p>\n\n\n\n<p>Alle Rechtsanw\u00e4ltinnen und Rechtsanw\u00e4lte, Steuerberater\/innen und Wirtschaftspr\u00fcfer\/innen sind in der Bundesrepublik Deutschland zugelassen.<\/p>\n\n\n\n<p>Die ma\u00dfgeblichen berufsrechtlichen Regelungen f\u00fcr Rechtsanw\u00e4lte sind u.a. die Bundesrechtsanwaltsordnung, die Berufsordnung, die Fachanwaltsordnung, das Rechtsanwaltsverg\u00fctungsgesetz und die Berufsregeln der Rechtsanw\u00e4lte der Europ\u00e4ischen Union. Diese Texte k\u00f6nnen auf der Internetseite der Bundesrechtsanwaltskammer (<a href=\"http:\/\/www.brak.de\" target=\"_blank\" rel=\"noreferrer noopener\">www.brak.de<\/a>) unter \u201eBerufsrecht\u201c eingesehen werden.<br><strong><em>Zust\u00e4ndige Kammer:<\/em><\/strong> Rechtsanwaltkammer Frankfurt<\/p>\n\n\n\n<p>Die ma\u00dfgeblichen berufsrechtlichen Regelungen f\u00fcr Steuerberater sind u.a. das Steuerberatungsgesetz, die Durchf\u00fchrungsverordnung (DVStB), die Steuerberatungsverg\u00fctungsverordnung und die Berufsordnung der Bundessteuerberaterkammer inklusive Fachberaterordnung. Diese Texte k\u00f6nnen auf der Internetseite der Bundessteuerberaterkammer (<a href=\"http:\/\/www.bstbk.de\" target=\"_blank\" rel=\"noreferrer noopener\">www.bstbk.de<\/a>) unter \u201eIhr Steuerberater \/ Berufsrecht\u201c eingesehen werden.<br><strong><em>Zust\u00e4ndige Kammer:<\/em><\/strong> Steuerberaterkammer Hessen<\/p>\n\n\n\n<p>Die ma\u00dfgeblichen berufsrechtlichen Regelungen f\u00fcr Wirtschaftspr\u00fcfer sind u.a. die Wirtschaftspr\u00fcferordnung, die Berufssatzung der Wirtschaftspr\u00fcfer und vereidigten Buchpr\u00fcfer, die Satzung f\u00fcr Qualit\u00e4tskontrolle, die Siegelverordnung, die Wirtschaftspr\u00fcferberufshaftpflichtversicherungsordnung und die Organisationsordnung der Wirtschaftspr\u00fcferkammer. Diese Texte k\u00f6nnen auf der Internetseite der Bundeswirtschaftspr\u00fcferkammer (<a href=\"http:\/\/www.wpk.de\" target=\"_blank\" rel=\"noreferrer noopener\">www.wpk.de<\/a>) unter \u201eWPK \/ Rechtsvorschriften\u201c eingesehen werden.<br><strong><em>Zust\u00e4ndige Kammer:<\/em><\/strong> Wirtschaftspr\u00fcferkammer<\/p>\n\n\n\n<hr class=\"wp-block-separator has-alpha-channel-opacity\"\/>\n\n\n\n<ul class=\"wp-block-list\">\n<li>AGN International Ltd (and its regional affiliates; together &#8222;AGN&#8220;) is a not-for-profit worldwide membership association of separate and independent accounting and advisory businesses. AGN does not provide services to the clients of its members, which are provided by Members alone. AGN and its Members are not in partnership together, they are neither agents of nor obligate one another, and they are not responsible or liable for each other&#8217;s services, actions or inactions.<\/li>\n<\/ul>\n\n\n\n<h3 class=\"wp-block-heading\">Realisation, Programmierung, Hosting<\/h3>\n\n\n\n<p><strong>team digital GmbH<\/strong><\/p>\n\n\n\n<p>Hopfmannsfelder Stra\u00dfe 7<br>36341 Lauterbach<\/p>\n\n\n\n<p>E-Mail: <a href=\"javascript:linkTo_UnCryptMailto('jxfiql7fkclXqbxj:afdfqxi+ab');\">info@team-digital.de<\/a><br>Web: <a href=\"http:\/\/www.team-digital.de\/\" target=\"_blank\" rel=\"noreferrer noopener\">www.team-digital.de<\/a><\/p>\n<\/div>\n<\/div><\/div>\n","protected":false},"excerpt":{"rendered":"","protected":false},"author":1,"featured_media":0,"parent":0,"menu_order":0,"comment_status":"closed","ping_status":"closed","template":"","meta":{"footnotes":""},"class_list":["post-529","page","type-page","status-publish","hentry"],"_links":{"self":[{"href":"https:\/\/www.smp-frankfurt.de\/index.php\/wp-json\/wp\/v2\/pages\/529","targetHints":{"allow":["GET"]}}],"collection":[{"href":"https:\/\/www.smp-frankfurt.de\/index.php\/wp-json\/wp\/v2\/pages"}],"about":[{"href":"https:\/\/www.smp-frankfurt.de\/index.php\/wp-json\/wp\/v2\/types\/page"}],"author":[{"embeddable":true,"href":"https:\/\/www.smp-frankfurt.de\/index.php\/wp-json\/wp\/v2\/users\/1"}],"replies":[{"embeddable":true,"href":"https:\/\/www.smp-frankfurt.de\/index.php\/wp-json\/wp\/v2\/comments?post=529"}],"version-history":[{"count":11,"href":"https:\/\/www.smp-frankfurt.de\/index.php\/wp-json\/wp\/v2\/pages\/529\/revisions"}],"predecessor-version":[{"id":941,"href":"https:\/\/www.smp-frankfurt.de\/index.php\/wp-json\/wp\/v2\/pages\/529\/revisions\/941"}],"wp:attachment":[{"href":"https:\/\/www.smp-frankfurt.de\/index.php\/wp-json\/wp\/v2\/media?parent=529"}],"curies":[{"name":"wp","href":"https:\/\/api.w.org\/{rel}","templated":true}]}}